nder when 47767564 is divided by 25?
14
Calculate the remainder when 2006320 is divided by 1003073.
174
What is the remainder when 3110624 is divided by 706?
694
What is the remainder when 107240794 is divided by 3459379?
45
Calculate the remainder when 21361503 is divided by 3051643.
2
Calculate the remainder when 24004412 is divided by 4000735.
2
Calculate the remainder when 123649 is divided by 61223.
1203
Calculate the remainder when 425768 is divided by 229.
57
What is the remainder when 33216459 is divided by 24388?
3
What is the remainder when 24099 is divided by 4609?
1054
What is the remainder when 4686415 is divided by 2343083?
249
Calculate the remainder when 167502 is divided by 3804.
126
What is the remainder when 5684453 is divided by 672?
5
Calculate the remainder when 6908079 is divided by 6246.
3
Calculate the remainder when 5417393 is divided by 5199.
35
Calculate the remainder when 26280927 is divided by 158.
155
What is the remainder when 61294449 is divided by 396?
381
What is the remainder when 270828 is divided by 2334?
84
Calculate the remainder when 6226913 is divided by 1533.
1400
What is the remainder when 181775 is divided by 181775?
0
What is the remainder when 264821 is divided by 162?
113
What is the remainder when 3139921 is divided by 14080?
81
What is the remainder when 77075 is divided by 18894?
1499
What is the remainder when 4388105 is divided by 1373?
1370
Calculate the remainder when 746319 is divided by 1542.
1533
What is the remainder when 223828 is divided by 74519?
271
Calculate the remainder when 3713035 is divided by 191.
186
What is the remainder when 156859 is divided by 2958?
85
Calculate the remainder when 154455 is divided by 19301.
47
Calculate the remainder when 66986918 is divided by 22.
20
What is the remainder when 14171 is divided by 6776?
619
Calculate the remainder when 5511584 is divided by 3709.
10
What is the remainder when 1652036 is divided by 45866?
860
Calculate the remainder when 1343811 is divided by 140.
91
What is the remainder when 16467068 is divided by 499002?
2
What is the remainder when 2822532 is divided by 1178?
44
What is the remainder when 226056 is divided by 18836?
24
Calculate the remainder when 1461309 is divided by 24355.
9
What is the remainder when 106979 is divided by 93?
29
Calculate the remainder when 3810418 is divided by 104.
66
Calculate the remainder when 526643 is divided by 15489.
17
What is the remainder when 518324 is divided by 518310?
14
Calculate the remainder when 1808108 is divided by 167.
166
Calculate the remainder when 1584618 is divided by 93.
84
What is the remainder when 5760756 is divided by 7414?
78
Calculate the remainder when 1791453 is divided by 44774.
493
What is the remainder when 25809728 is divided by 593?
589
Calculate the remainder when 153834 is divided by 784.
170
What is the remainder when 4320657 is divided by 12?
9
Calculate the remainder when 2276308 is divided by 1138102.
104
Calculate the remainder when 9740079 is divided by 18.
9
Calculate the remainder when 1736345 is divided by 14714.
93
Calculate the remainder when 15360380 is divided by 493.
472
Calculate the remainder when 5529916 is divided by 6785.
141
Calculate the remainder when 13575997 is divided by 110.
17
Calculate the remainder when 1235741 is divided by 35.
31
What is the remainder when 1512399583 is divided by 1367?
1362
What is the remainder when 381997 is divided by 4557?
3766
What is the remainder when 105656 is divided by 66?
56
What is the remainder when 3272770 is divided by 3456?
3394
What is the remainder when 8664 is divided by 633?
435
Calculate the remainder when 94142 is divided by 57.
35
What is the remainder when 6466239 is divided by 353?
338
Calculate the remainder when 26593 is divided by 4413.
115
What is the remainder when 2804539 is divided by 8?
3
Calculate the remainder when 153398715 is divided by 153.
150
What is the remainder when 425722 is divided by 518?
444
Calculate the remainder when 170643 is divided by 28303.
825
What is the remainder when 1014866 is divided by 15375?
116
What is the remainder when 816645 is divided by 11181?
432
What is the remainder when 1328152 is divided by 5443?
60
Calculate the remainder when 9963381 is divided by 143.
142
Calculate the remainder when 465521470 is divided by 28.
22
What is the remainder when 6707376 is divided by 58?
24
What is the remainder when 50398 is divided by 15860?
2818
What is the remainder when 11880040 is divided by 3959992?
64
Calculate the remainder when 1913817518 is divided by 80.
78
What is the remainder when 19145092 is divided by 3686?
8
What is the remainder when 16595074 is divided by 17?
14
What is the remainder when 757091 is divided by 2411?
37
Calculate the remainder when 2352590 is divided by 392060.
230
What is the remainder when 9343 is divided by 123?
118
What is the remainder when 98244 is divided by 24228?
1332
What is the remainder when 238208 is divided by 15880?
8
Calculate the remainder when 96634 is divided by 10653.
757
What is the remainder when 317250 is divided by 2191?
1746
Calculate the remainder when 81586905 is divided by 13.
10
Calculate the remainder when 5984029 is divided by 655.
604
What is the remainder when 2142656 is divided by 306093?
5
Calculate the remainder when 425168 is divided by 2375.
43
Calculate the remainder when 30812 is divided by 571.
549
What is the remainder when 82286 is divided by 5035?
1726
Calculate the remainder when 144346 is divided by 744.
10
Calculate the remainder when 89402 is divided by 3431.
196
What is the remainder when 65712029 is divided by 15?
14
Calculate the remainder when 111451 is divided by 6537.
322
What is the remainder when 25093538 is divided by 2615?
2613
What is the remainder when 379093100 is divided by 24?
20
Calculate the remainder when 304916 is divided by 615.
491
Calculate the remainder when 310287 is divided by 37.
5
Calculate the remainder when 191736 is divided by 8710.
116
Calculate the remainder when 18690 is divided by 4345.
1310
Calculate the remainder when 23245412 is divided by 327400.
12
Calculate the remainder when 745334 is divided by 372657.
20
What is the remainder when 76474506 is divided by 397?
396
Calculate the remainder when 1106583 is divided by 1465.
508
Calculate the remainder when 111095405 is divided by 22219081.
0
Calculate the remainder when 30117 is divided by 4225.
542
What is the remainder when 2832500 is divided by 1416190?
120
Calculate the remainder when 1751274 is divided by 80.
74
Calculate the remainder when 2688504 is divided by 282.
198
Calculate the remainder when 4652846 is divided by 13889.
31
Calculate the remainder when 4147671 is divided by 17725.
21
Calculate the remainder when 24572985 is divided by 14688.
14649
Calculate the remainder when 2843996 is divided by 41823.
32
Calculate the remainder when 18847253 is divided by 1073.
8
What is the remainder when 528149 is divided by 1586?
11
Calculate the remainder when 1409004 is divided by 1408996.
8
What is the remainder when 707087 is divided by 1088?
975
Calculate the remainder when 1274459 is divided by 254796.
479
What is the remainder when 14836 is divided by 7113?
610
Calculate the remainder when 1983807 is divided by 1567.
1552
Calculate the remainder when 23089 is divided by 9932.
3225
What is the remainder when 3612104 is divided by 9?
8
What is the remainder when 481489 is divided by 2351?
1885
Calculate the remainder when 22849018 is divided by 15956.
26
What is the remainder when 394858 is divided by 2892?
1546
What is the remainder when 22458662 is divided by 303?
302
What is the remainder when 51057383 is divided by 11502?
5
What is the remainder when 69206134 is divided by 24?
22
What is the remainder when 11200795 is divided by 1864?
19
Calculate the remainder when 5461483 is divided by 959.
937
Calculate the remainder when 49713691 is divided by 8285612.
19
Calculate the remainder when 340096 is divided by 113356.
28
Calculate the remainder when 27985775 is divided by 1542.
17
What is the remainder when 10869159 is divided by 2173831?
4
What is the remainder when 13030434 is divided by 4217?
4121
Calculate the remainder when 1209162 is divided by 575.
512
What is the 